40. Suppose 0 = s - 4*c + 5, 5*s - v = h*s - 5*c. What is the units digit of s?
7
Let c = 8 - -5. Suppose -30 = 5*v + 5. Let r = c + v. What is the units digit of r?
6
Suppose -2*z + 0*z - 8 = -4*y, z + 13 = 5*y. Suppose -y*w + w + 18 = -4*l, -3*w - 5*l = -49. What is the tens digit of w?
1
Let a(x) = 2*x**2 + 6*x + 6. Let m be a(-5). Let l = m + -12. What is the tens digit of l?
1
Let h be -4*1/(-2)*3. Suppose -3*b + h*b = 3*q + 9, b - 4 = 0. What is the units digit of q?
1
Let n be (9/(-3))/((-2)/12). Suppose 5*h = -n + 163. What is the tens digit of h?
2
Let j(k) = 5*k**3 + k**2 - 1. What is the tens digit of j(2)?
4
Let z(b) = -87*b. Let j be z(-1). Let n = -41 + j. Suppose -2*k - 2*r = -5*k + n, 0 = -5*k - 2*r + 50. What is the units digit of k?
2
What is the units digit of (-4)/10*42*(-200)/30?
2
Suppose -3*g = 2*i - 6*i - 132, -5*i - 154 = -g. Let n be ((-4)/5)/((-6)/i). Let t = 9 - n. What is the units digit of t?
3
Suppose -54 + 238 = 4*y. What is the tens digit of y?
4
Suppose 5*d = 4*g - 159, g - 82 = -g + 2*d. What is the units digit of g?
6
Let i(c) = 2*c - 20. Let s be i(15). What is the units digit of ((-264)/30)/((-4)/s)?
2
Let d(q) = q**3 - 5*q**2 - 7*q + 7. Let g be d(6). What is the tens digit of 45 - (g + -3)/1?
4
Suppose 0*v - 5*n - 11 = 2*v, -4*v + 3*n = -17. Let c(s) = -s**2 + 3*s - 3. Let p be c(v). Let m(o) = -2*o - 1. What is the units digit of m(p)?
1
Suppose 4*i - 4*l + 3 = 19, 0 = -2*i - 4*l + 8. Suppose 0*c - 104 = -i*c. Let g = c - 10. What is the tens digit of g?
1
Let c(y) = y - 2. Let q be c(-4). Let i(b) = b**3 + 7*b**2 + 4*b - 2. What is the units digit of i(q)?
0
Let o be 1 - -4*2/(-8). Suppose -2*s - 4*n = -32, -5*s + 2*s + 3*n + 57 = o. What is the tens digit of s?
1
Let p = 0 - 2. Let u be 1*(-9)/p*4. What is the units digit of u/(-4)*(-24)/9?
2
Suppose 2*l - 2*a = -0*a + 2, 0 = -3*l + 4*a - 1. Suppose l*p = 2*u - 7*u - 5, -u = 2*p + 6. Suppose u = 3*o - 2. What is the units digit of o?
2
Let u(l) = -4*l**2 - 3*l + 1. Let m(n) = n**3 - 3*n**2 - 2*n + 2. Let z(x) = -3*m(x) + 4*u(x). Let q be z(-4). What is the tens digit of q/8 - (-3)/12?
1
Let u = 10 + -13. What is the tens digit of u - -5 - 5 - -13?
1
Let s be 0 + 1 + -1 + 0. Suppose 5*o = -s*o + 55. What is the tens digit of o?
1
Let v(r) = r**2 - 2. What is the units digit of v(4)?
4
What is the tens digit of (-3)/(((-30)/(-52))/(-5))?
2
Let t = 5 - 4. Let s = t + -1. Suppose -q + 4 + 0 = s. What is the units digit of q?
4
Suppose -5*t - 2*t = -1162. What is the units digit of t?
6
Let k(a) = -25*a - 6. What is the tens digit of k(-4)?
9
Suppose 4*v + 2*l = -3*l + 53, l - 61 = -5*v. Suppose 0 = 2*h - 2*a - v, -3*a - 30 = -3*h - 6*a. What is the units digit of h?
8
Let b(j) = -j**2 - 6*j + 6. Suppose -m = 1 + 4. What is the tens digit of b(m)?
1
Let y(h) = 3*h**2 + 5*h + 2. Suppose q + 13 = -3*d - 2*d, -2*q = -3*d. What is the units digit of y(q)?
4
Let m be (-122)/4 + (-4)/8. Let y = m + 55. What is the tens digit of y?
2
Suppose -3*w + 3 + 6 = 0. Let r(u) = -w*u + 5*u + 1 + 5*u. What is the units digit of r(1)?
8
Suppose 3*p + 15 = 2*p. Let t(b) = b + 2. Let z be t(2). What is the units digit of (z/(-12))/(1/p)?
5
Let x(q) = q**2 - 2*q - 1. Let h be x(4). Suppose -h*g = -12*g + 60. What is the units digit of g?
2
Let q = -3 - -2. Let t = q - -2. Suppose -u = -3*i - 6*u + 3, -i = -u - t. What is the units digit of i?
1
Let u(k) = k**3 - 3*k**2 - 5*k + 5. Suppose -v - 4*x = -8, 5*v - 9 = -4*x + 15. What is the units digit of u(v)?
1
Let o(j) = j**2 - 5*j - 7. Let n be o(8). Let g = n - 9. Suppose 0 = u - 2*m - 3*m - 19, -4*m - g = 0. What is the units digit of u?
9
Suppose j + 1 = -r, 9*j - 4*j + 35 = 5*r. Suppose -2*w - r = 5. What is the units digit of w/(0 + (-2)/4)?
8
Suppose -4*i + 4 = -16. What is the units digit of i?
5
Let s(u) = 2*u**2 - 3*u + 13. What is the tens digit of s(5)?
4
Suppose 4*p = -b + 11 + 3, 0 = 4*b + 8. What is the units digit of p?
4
What is the units digit of 16/(-20) - 344/(-5)?
8
Suppose -3*z - 61 = -2*b, -4*b + 0*b = -2*z - 126. What is the units digit of 12/(-3) - (1 - b)?
7
Suppose k + 0*n - 2 = -5*n, -k - 4*n = -4. Suppose u = -0 + k. What is the tens digit of u?
1
Let s(i) = 8*i - i**2 - 8*i. Let t(d) = 3*d**2 + 2*d - 3. Let m(f) = -4*s(f) - t(f). What is the units digit of m(3)?
6
Let y be 1 + 38 - 1/(-1). Let v = y + -25. What is the units digit of v?
5
Suppose -x - x = 5*c - 302, -x + 148 = c. What is the hundreds digit of x?
1
Suppose q + o = 5*o + 3, 2*q - 4*o - 10 = 0. Suppose q*k + 170 = 12*k. What is the units digit of k?
4
Suppose 28 = 3*m + m. Let l = -2 + m. What is the units digit of l?
5
What is the tens digit of ((-10)/(-8))/(14/784)?
7
Suppose 5*r - r = -8. Let z = 5 - r. What is the units digit of z?
7
Let k(p) = -p**3 + 6*p**2 - 4*p + 5. What is the tens digit of k(5)?
1
Let d = 6 + -3. Suppose d*p - p = 5*w, 6 = -2*w + 2*p. What is the units digit of w?
2
Suppose -11*s + s = -30. Suppose 5*r - 1 = 2*y, 0 = r + r + 2*y + 8. What is the units digit of s - (-2)/(r/1)?
1
Suppose t - 65 = 151. What is the tens digit of t?
1
Let u(s) = 11*s**2 + s - 1. Let l be u(1). Suppose k - 9 = l. What is the tens digit of k?
2
Let w(b) be the second derivative of b**4/12 - 7*b**3/6 + 5*b**2 + b. Suppose -p + 5 = -2. What is the tens digit of w(p)?
1
Let r(m) be the third derivative of -7*m**4/24 + m**3 + m**2. What is the units digit of r(-5)?
1
Let g be (-2)/(-3) + (-10)/(-3). Suppose -8*i - 4 = -g*i. What is the units digit of ((1 - 2) + i)*-5?
0
Let x be ((-1)/(-1))/(4 + -5). Suppose 0*d = 2*d + 14. Let b = x - d. What is the units digit of b?
6
Suppose q = i - 10, -2*i + 3*q = 8*q - 13. Let x be (4/(-6))/(2/6). What is the units digit of i/4 - x/(-8)?
2
Suppose 0 = 4*n - 48. Suppose -2*c + 2*x = -4, -4*c - 4 + n = 4*x. Suppose c*k - 1 = 7. What is the units digit of k?
4
Let i(f) = -f**3 - 12*f**2 + 14*f + 14. Suppose -4*z - 42 = 5*s, -s = 2*z + 23 + 1. What is the units digit of i(z)?
1
Let l(y) = -2 - 4*y**3 + 2 + 3*y**3 + y. What is the units digit of l(-2)?
6
Let p(a) = -3*a + 7. What is the units digit of p(-12)?
3
Let n = 2 - 0. Suppose n*w - 6 = -2. Suppose 0*v - 4 = -w*v. What is the units digit of v?
2
Let m(v) = -v**3 - 2*v**2 - 8*v + 5. What is the tens digit of m(-5)?
2
Let j(n) = 1 + n**2 + 0 - 3 + n - 2*n. What is the tens digit of j(-3)?
1
Suppose -5*g - 27 = -5*j + j, -6 = 4*g + 2*j. Let p(c) = -3*c + 3*c**3 - c**3 + 3*c**2 + 1 - c**3. What is the units digit of p(g)?
0
Suppose -4*s - 2*n + 3 = 11, s - 4 = -2*n. What is the tens digit of 357/(-14)*s/3?
3
Let i be ((-3)/2)/((-12)/32). Suppose 0 = 3*g + g - i. Suppose 0 = 3*v - 5*n - 60, 2*v = -3*n + 20 + g. What is the units digit of v?
5
Let q(j) = j**3 - 6*j**2 - 9*j + 1. Let f be q(7). Let d = -6 - f. What is the units digit of d?
7
Let v be (-3)/6*(-1 + 1). Suppose 26 = 2*n - v*n. What is the tens digit of n?
1
Suppose 4*n - 2*n = -4, 0 = -m + 4*n + 8. Suppose -2*k + 6*k - 72 = m. What is the tens digit of k?
1
Let m(l) = -l**3 - l**2 + l + 1. Suppose -5*q = -2*q + 18. Let c(x) = -7*x**3 - 10*x**2 + 12*x + 12. Let r(o) = q*m(o) + c(o). What is the units digit of r(-5)?
1
Let b(n) be the first derivative of n**2/2 + 3*n + 1. What is the units digit of b(0)?
3
Let j = -4 + 6. Suppose -2*q = 3*o - 20, j*o - q - 1 = 3. What is the tens digit of 58/o + (-5)/10?
1
Let h(s) = 17*s - 7. What is the units digit of h(4)?
1
Let s(r) = -r**2 - 2*r. Let o be s(-2). Suppose -4*w + 0*w + 12 = o. Suppose 3*f - 9 = -w*j, 3*j = -4*f - 2*j + 7. What is the units digit of f?
8
Let n be 4*(10/(-8) - -2). Let w be 29/(-2 + (n - 0)). Suppose 17 - 5 = -3*h, -v + w = -5*h. What is the units digit of v?
9
Suppose -3*l + 19 = 2*b - 6*l, -3*b = l - 1. What is the units digit of b?
2
Suppose 0 = 11*y - 6*y - 330. What is the units digit of y?
6
Suppose 828 = 7*t + 2*t. What is the units digit of t?
2
Suppose -u = -m - 14, -5*u + 4*m - m + 70 = 0. Let w be (-82)/7 - 4/u. Let o = w - -18. What is the units digit of o?
6
What is the units digit of (-5)/(-10) + 29/2?
5
Let z(g) = g - 17. Let p be z(7). Let x = -5 - p. Suppose x*b - b - 32 = 0. What is the units digit of b?
8
Let f(y) = -y**3 + 12*y**2 - 9*y + 9. What is the hundreds digit of f(7)?
1
Let u = -34 - -17. Let